 greatest common factor of d and 17?
17
Let t = 218 - 122. Let c(y) = y**2 - 5*y - 36. Let i be c(-4). Suppose -4*b + 6*b - 24 = i. Calculate the highest common factor of t and b.
12
Let l(x) = -5*x - 12. Let d be l(-10). Let i = 117 + -103. Suppose -865 + 5121 = i*t. What is the highest common factor of d and t?
38
Suppose 2*k - 3*g - 256 = 0, -7*k - 5*g - 520 = -11*k. Calculate the greatest common factor of k and 100.
20
Let y(d) = -d**3 + 3*d**2 + 5*d - 3. Let b be y(3). Suppose -280*t = -139*t - 131*t - 3240. What is the greatest common divisor of t and b?
12
Suppose 70*a = 121*a + 133*a - 13248. What is the greatest common divisor of 960 and a?
24
Let f = -13817 - -13841. What is the greatest common divisor of 4236 and f?
12
Suppose -5*b - 1578 = -4*r, -537*r + 780 = -535*r - b. What is the highest common factor of 396 and r?
9
Suppose 4*q + 5*g - 14 = 76, -4 = -2*g. Let s be 187 + ((-27)/(-2))/9*(-112)/24. What is the highest common divisor of q and s?
20
Suppose -2*a = -13*a - 8*a + 24453. What is the greatest common factor of a and 65?
13
Let u = -94 + 97. Suppose 5*f = -2*n + 210, -3*f = u*n - 158 - 175. Calculate the greatest common factor of n and 23.
23
Let q be -1 + -9 - (2 + -3). Suppose 177*m = 173*m - 40. Let w be (-186)/m - 1*q/(-15). What is the highest common divisor of 36 and w?
18
Suppose -598 + 1391 = 22*h + 573. What is the highest common factor of h and 4535?
5
Let i = 76 - 196. Suppose h + 26 = 180. Let v = h + i. What is the greatest common factor of v and 374?
34
Suppose 3*i + 4*f = 4 - 11, -3*f + 3 = 5*i. Let v(m) = 9*m**2 - 5*m + 14. Let g be v(i). What is the greatest common divisor of g and 440?
40
Let c(w) = 5*w**3 + 69*w**2 - 23*w - 89. Let x be c(-14). Calculate the greatest common divisor of x and 481.
37
Suppose 0 = -j + 3*r + 14, 4*r - 2*r + 6 = -j. Suppose x - 4*w - 77 = 0, j*x - 168 = -0*w + w. What is the greatest common factor of 119 and x?
17
Let f be (-3 - 104/(-40))*-1220. Suppose 4*r = c + 404 + f, -5*c - 20 = 0. Calculate the highest common factor of 12 and r.
6
Let t be 27473/913 - (-2)/(-22). Calculate the greatest common factor of t and 594.
6
Suppose 0 = -2*s - w + 147, 3*w = -35 + 44. What is the highest common divisor of s and 2475?
9
Let r = -301 - -596. Let k = r - 245. What is the highest common divisor of 40 and k?
10
Let v be 1*(3 + 0 - 3)/(-4). Suppose v = 3*f + s - 88, -2*f = -f + 2*s - 36. Calculate the highest common factor of f and 126.
14
Let j(f) = -f + 7. Let n be j(5). Suppose w - 56 = -5*g, w - 4*g = -n*w + 244. Let a = -15604 - -15794. Calculate the highest common divisor of w and a.
38
Let a be 522/(-8) + -2*2/(-16). Let q = a - -72. Let x = 67 + -32. What is the highest common divisor of q and x?
7
Let r be 4/48*4*9. Let i be 78 - (-1)/r*-6. Suppose -6*b + 29 - 5 = 0. Calculate the highest common factor of i and b.
4
Suppose 3*n - 4*n = 3*m - 84, 129 = 5*m - 2*n. Suppose -m*c + 42*c = 4050. What is the greatest common divisor of 30 and c?
30
Let s be 4515/12 - -9 - (-4)/(-16). Calculate the greatest common factor of s and 105.
35
Let j be ((-59)/767 + (-1341)/(-195))/((-2)/(-5)). What is the highest common factor of j and 9?
1
Let m(d) = -d**2 - 8*d + 14. Let i be m(-9). Suppose 0 = -5*y - 5*f + 180, -137 = -5*y + i*f + 23. Calculate the highest common divisor of 323 and y.
17
Let f = -149 - -58. Suppose 0 = -2*d + 2*n + 266, 6*d + 2*n - 142 = 5*d. Let x = d + f. What is the greatest common factor of x and 18?
9
Let y be -18 - 0*((-1)/(-1) - 2). Let c be (0 + 0 - 1)/(y/36). Suppose -g + 30 = c*u, -5*g = -2*g - 4*u - 60. What is the highest common divisor of g and 36?
12
Let o be (-3)/(-14)*(-184436)/(-147) + 8/7. Let r = 62 - 32. Calculate the greatest common factor of o and r.
30
Let t(a) = a**3 + 6*a**2 + 5*a - 4. Let f be t(-4). Suppose 0*r + 14*r = 602. Let q = 13 + r. What is the highest common factor of q and f?
8
Suppose -2*j + 476 = 62. Let f = -199 + j. Calculate the highest common factor of f and 384.
8
Suppose 34 = -0*r + 5*r - y, 0 = r - 5*y - 2. Let p(s) = s**2 + 46*s + 531. Let u be p(-22). What is the greatest common factor of u and r?
1
Let q(w) = 131 - 5*w**3 + 2*w**3 + 90 + 221 - 123. Let t be q(0). What is the highest common factor of 87 and t?
29
Let f = -61 + 85. Let a(q) = -q**3 - 29*q**2 - 35*q - 28. Let m be a(-28). What is the greatest common factor of m and f?
24
Let y be (29 - 21)*((-2)/(-2))/(-1). Let w be (y/(-40))/((-1)/(-65)). Calculate the highest common factor of w and 247.
13
Suppose 5*o + 28 = 33. Suppose -2*b - 14 = 2*i, o = b + 5*i - 8. Let l be 3*10*b/(-11). What is the greatest common factor of l and 6?
6
Suppose 4*p = -2*d + 740, p - 1775 = -5*d + 6*p. Suppose 37*o = 46*o - d. What is the highest common factor of 10 and o?
10
Let n = 3223 + -3146. What is the greatest common divisor of n and 693?
77
Let s(v) = v**2 + 17*v - 115. Let u(d) = -2*d**2 + 5*d + 2. Let i be u(5). Let a be s(i). What is the greatest common factor of 575 and a?
23
Let n be 5*((-512)/(-40) + -8). What is the greatest common factor of 900 and n?
12
Let l(r) = -38*r - 1. Let m be l(-6). Let i be m/7 + 13/((-91)/(-4)). Calculate the highest common factor of i and 132.
33
Let m(k) = 1077*k + 15260. Let a be m(-14). Let b(t) = -9*t - 1. Let z be b(-3). Calculate the highest common divisor of a and z.
26
Suppose 306*s = 185*s + 211750. Calculate the greatest common factor of s and 70.
70
Let s(i) = -i**2 - 45*i - 206. Let t be s(-9). Suppose 0 = 2*y - 47 - 543. Calculate the highest common divisor of y and t.
59
Let x(q) = 12*q + 1. Let i be x(1). Let t(m) = m**3 + 3*m**2 - 61*m + 135. Let b be t(8). Calculate the highest common divisor of b and i.
13
Suppose -5*d = 5*p - 2*d - 489, 0 = 4*p - 5*d - 369. Let f(q) = -q**2 - 10*q + 59. Let k be f(-11). Calculate the greatest common factor of p and k.
48
Let d = -6308 - -6328. Calculate the highest common divisor of d and 64.
4
Let t = 4127 + -4122. Let b = -112 + 137. Calculate the greatest common divisor of t and b.
5
Let o be (509 - -1) + 1 + 6/3. Suppose -3*p - 5*u + 8*u = -o, -4*u = 4. Suppose -4*i - p = -778. Calculate the highest common divisor of i and 19.
19
Suppose 4*i - 10*y - 1990 = 0, 2*i - 3*y + 492 = 3*i. Calculate the highest common factor of 585 and i.
45
Let r = -78 + 289. Let d be ((-1)/3)/((-5)/(-1 + r)). Let v = -55 + 76. What is the greatest common factor of v and d?
7
Let k be (-2)/5 - -1371*8/120. Suppose -k + 754 = 13*r. What is the greatest common factor of 17 and r?
17
Let a be 2 + (-8656)/(-4) - -4. Let x = a + -994. Suppose 10*c - 3*c = x. Calculate the greatest common divisor of 24 and c.
24
Let s(n) = -3258*n + 901. Let q be s(-3). What is the highest common divisor of 350 and q?
175
Let p be 4/18 + ((-1860)/27)/(-5). Let u(q) = 13*q - 57. Let w be u(p). Let l = w + -122. Calculate the highest common factor of l and 33.
3
Let b(z) = 85*z + 1216. Let w be b(0). Calculate the greatest common factor of w and 832.
64
Let i be ((-14)/70)/(3/(-35))*12. What is the highest common divisor of 63 and i?
7
Let k = -6099 - -6106. What is the greatest common factor of k and 973?
7
Let t = -13589 - -13604. What is the greatest common factor of 21465 and t?
15
Suppose -15*q + 160 = 460. Let r(m) = m**3 + 21*m**2 + 16*m - 72. Let v be r(q). Let n = 3 - -5. Calculate the highest common factor of v and n.
8
Suppose 45 + 45 = 5*r. Suppose -6 = 4*x + 2, -2*i + 4*x + r = 0. Let c be 2*(i - (-10)/(-5)). What is the highest common factor of c and 48?
6
Let g = 526 - 517. Suppose 0 = -g*c + 77 + 85. What is the highest common divisor of 261 and c?
9
Let c be ((28/8)/7)/((-1)/58). Let a = 34 + c. Suppose -a - 34 = -z. What is the greatest common divisor of z and 39?
39
Let p(v) = 20*v - 173. Let u(a) = 11*a - 87. Let l(i) = -6*p(i) + 11*u(i). Let o be l(-13). What is the highest common factor of o and 340?
68
Let i be (-7)/2*(-220)/77. Suppose -17*f = -i*f - 546. What is the highest common divisor of 48 and f?
6
Let l(x) = -1094*x + 1193. Let w be l(1). Calculate the highest common divisor of w and 10263.
33
Suppose -5*a = 20 - 40, -491 = -3*l - 2*a. Let s = 9 - 27. Let c = 5 - s. Calculate the greatest common divisor of c and l.
23
Suppose 109 - 1 = 18*u. Let i be 6/15 - (-46)/10. Suppose -5*n + 15 = 3*k, -2*n